25 = y*s - 7*s. Calculate the highest common factor of 100 and s.
25
Let f(o) = -4 - 4*o + 9*o - 3 + 3*o + o**2. Let v be f(-11). What is the highest common factor of v and 182?
26
Let q(j) = j**3 + 6*j**2 + 6*j - 1. Let t be q(-5). Let z be (-40)/t*(-24)/(-10). Let l = -9 + 13. What is the highest common divisor of z and l?
4
Let u = -4 - -6. Let w be (u - 3)*1 - -122. What is the greatest common factor of w and 11?
11
Let c(g) = -2*g + 0 + 0 + 2*g**2 + 2*g**2. Let i be c(2). What is the greatest common factor of 6 and i?
6
Suppose 7*z = 3*z + 36. Calculate the highest common factor of z and 72.
9
Let x be 4 - 1 - 2/(-2). Suppose -2*q = 4*d - 20, d + 2*d = 4*q + x. Calculate the highest common divisor of 2 and q.
2
Let i(n) = -n + 15. Let q be i(9). What is the greatest common divisor of q and 114?
6
Suppose -4*r = 3*i - 484, 2*r - 3*r + 121 = 2*i. Let v = 3 + 0. Let b be v - (-3)/(12/32). What is the highest common divisor of b and r?
11
Suppose -12*i = -7*i - 15. Calculate the greatest common divisor of 1 and i.
1
Let b = 9 + -4. Suppose c = -2*g - g + 10, -14 = -c - b*g. Let a be 66/10 + c/10. Calculate the greatest common divisor of a and 77.
7
Suppose -1 - 15 = -4*s. Let y(u) = u**2 - 2*u - 5. Let d be y(s). Suppose -2*m = 3*a + d, 2*m = -m + 2*a + 28. Calculate the highest common divisor of m and 3.
3
Suppose v + 132 = 3*c, -2 = 2*v - 8. Let f(l) = 4*l**2 + 2. Let i be f(-2). What is the greatest common factor of c and i?
9
Suppose 0 = -6*f + 49 + 23. Calculate the highest common divisor of f and 108.
12
Let k be (-1)/(-3)*(-45)/(-3). Suppose k*g - 71 = 2*u, g - 17 = -0*g - u. Let h(b) = -4*b - 39. Let l be h(-21). What is the greatest common divisor of l and g?
15
Let m(n) = n + 4. Let o be m(0). Let d = -1 + o. Suppose -2*g + 43 = 5*j, j + 3*j + 30 = d*g. What is the highest common divisor of 154 and g?
14
Suppose 0 = -4*z - 3*n - 2, 4 = z - 5*n - 7. Calculate the highest common divisor of z and 3.
1
Suppose 4*h - 4 = 2*y - 6*y, 3*h = -4*y + 6. Calculate the highest common divisor of 81 and y.
3
Let m(l) = -15*l + 18. Let t be m(-15). What is the highest common divisor of 27 and t?
27
Let a(s) = 2*s**2 - 3*s + 1. Let m be a(2). Suppose 4*n - 3*p = -m, -4*p + 6 - 2 = 0. Let d be (n + 5)*(-4 - -5). What is the highest common divisor of 5 and d?
5
Let t be ((-6)/(-4))/((-6)/(-4)). Suppose 0 = -2*m + t - 5. Let d be ((-13)/m)/((-5)/(-10)). Calculate the highest common factor of 39 and d.
13
Suppose 5*o - 130 = -40. Let j be (-2 + -2)*o/(-8). Let f be 10/15*6 + 41/1. Calculate the highest common divisor of f and j.
9
Let b be (-84)/63 + (-2264)/(-6). Calculate the highest common divisor of 47 and b.
47
Suppose p + i = -2*p + 5, -3*i = p - 7. Let n be ((p - 3) + 3)*9. What is the highest common divisor of 36 and n?
9
Suppose 3*m = 45 - 9. What is the greatest common factor of m and 18?
6
Suppose r = -2 - 2. Let x be (-3)/6 - 14/r. Calculate the highest common divisor of 3 and x.
3
Let t(m) = -m**2 - 7*m - 7. Let g be t(-5). Suppose -6*b = 4*y - g*b - 24, -b + 1 = -y. What is the highest common divisor of y and 9?
3
Let v = 188 - 104. Calculate the highest common divisor of v and 12.
12
Suppose 4*k + 2*o - 25 = -3*o, -3*o = -3*k + 12. Suppose -5*w + 3*z + 20 = -0*z, w = -k*z - 24. Calculate the greatest common factor of 1 and w.
1
Let j(m) = -13*m**3 - 2*m - 1. Let s be j(-1). Let d be -2*(-6)/10*35. Calculate the greatest common factor of d and s.
14
Let p(c) = -51*c - 1. Let f be p(-1). Calculate the highest common divisor of 20 and f.
10
Let v(k) = 3*k + 55. Let d be v(-9). Let r be -14*(1 + 3/(-2)). Calculate the greatest common divisor of d and r.
7
Let o be (-12 - 2)*(-2)/4. Let i = -12 + 10. Let c be (-400)/(-8) + i + 1. What is the greatest common factor of o and c?
7
Let j(w) = 9*w**3 + 2*w**2 + 2*w - 3. Let a be j(1). What is the greatest common divisor of a and 10?
10
Let y = 38 + -2. Calculate the greatest common factor of 4 and y.
4
Let z = 1 + 7. What is the highest common divisor of 64 and z?
8
Let q = 251 + -151. Calculate the highest common divisor of 25 and q.
25
Let h = 20 - 10. Let s = -36 - -66. Calculate the highest common factor of h and s.
10
Let g = -12 + 24. Calculate the highest common factor of g and 4.
4
Suppose 0 = -f + 2 + 1. Let g = 21 - f. Let i(d) = -161*d**3 - 2*d - 1. Let b be i(-1). What is the highest common divisor of b and g?
18
Let k be 4/(-4 + 2) - -212. Suppose 2*l = d + 4*d + k, -l + 105 = -2*d. Suppose 3 = 3*m - l. Calculate the greatest common factor of m and 9.
9
Let n = -4 - -14. Suppose 0*o + 3*o - 4*r = 10, 2*o + r - 3 = 0. What is the highest common factor of n and o?
2
Let i be (-8)/40 + 8/(-10). Let p be 3 + (22*i)/(-2). What is the highest common factor of p and 14?
14
Let n be ((-24)/(-20))/(2/10). Suppose 5*k - r + 219 = r, k - 4*r = -33. Let w = 21 - k. Calculate the highest common factor of w and n.
6
Let y be (3/(-6))/(2/(-8)). Suppose -3*x = c, 14 = y*c - 2*x + x. Let s = 23 - c. Calculate the highest common factor of s and 17.
17
Let z = 148 - 90. What is the highest common divisor of z and 29?
29
Let d = 16 - 1. Let q = 23 + -8. Calculate the greatest common factor of q and d.
15
Suppose 6*s - 3 = 3*s. Let z be (2 + s)*(-8)/(-3). Suppose -9 = -3*a + 5*i - 2, 4*i = 5*a - 16. Calculate the highest common divisor of z and a.
4
Let a(g) = g**2 - 31*g + 117. Let b be a(27). Calculate the greatest common divisor of b and 21.
3
Let a(z) = -105*z + 2. Let c be a(-2). Suppose -2*r - 2*r + c = -4*o, -r - 5*o = -77. Let u be 6/(-33) + r/11. Calculate the highest common divisor of 45 and u.
5
Suppose -3*k = -2*q - 46, -5*k - 2*q + 30 = -20. Let l be 12/(-6*(-5)/270). Calculate the highest common factor of l and k.
12
Let x be -3*2*-28 + -3. What is the greatest common factor of x and 15?
15
Let j be 8*(-32)/(-12)*3. What is the highest common factor of 96 and j?
32
Let m = -30 - -147. Calculate the greatest common factor of 9 and m.
9
Let n be (-3)/((-6)/(-8)) - -2. Let x be (2 - 1) + 7 + n. Suppose -y + x = -3. Calculate the greatest common factor of y and 45.
9
Let u(c) = -c**3 - 3*c**2 + 4*c + 2. Let n be u(-5). Calculate the highest common divisor of 8 and n.
8
Let z(h) = 2*h**2 + 7*h - 6. Let c be z(-6). Suppose 3*r - 38 = -2. What is the greatest common factor of c and r?
12
Suppose -z = 2*z - 48. Let u be (0 - 176)/((-3)/3). Calculate the highest common divisor of u and z.
16
Let k = -27 + 12. Let x = 23 - k. Suppose 2*i - 6 = x. Calculate the highest common factor of 33 and i.
11
Suppose 0 = 4*a + 3*l - 159, -37*a - 57 = -38*a + 5*l. Let b be 28 + (0 - 0) + 0. Calculate the greatest common factor of b and a.
14
Let x = -516 + 788. Let d = x + -137. Calculate the greatest common divisor of d and 15.
15
Suppose 7*c - 6*c - 13 = 0. What is the greatest common factor of c and 91?
13
Let t(u) = 7*u**2 + 6*u + 2. Let i be t(-4). Calculate the highest common divisor of i and 10.
10
Let r be (198/9)/(2/7). What is the highest common divisor of 11 and r?
11
Suppose -r + 23 = 3. Let j(n) = n + 1. Let z be j(5). Let m be r/3 - (-2)/z. Calculate the highest common divisor of m and 35.
7
Suppose -3*y - 9 = 0, -y = 2*c - 6*y - 73. Suppose -3*i = 9, c = 4*o + 7*i - 2*i. Suppose 5*u - 387 = 108. What is the highest common factor of u and o?
11
Suppose 3*b - 346 - 182 = 0. Calculate the highest common factor of b and 16.
16
Suppose -4*t = -13 - 179. Calculate the greatest common factor of t and 36.
12
Suppose -k + 6 - 1 = 0. Let b = -27 + 52. What is the highest common factor of k and b?
5
Let k(d) = d + 16. Suppose -2*b - 20 = -48. Let z be k(b). What is the highest common divisor of z and 12?
6
Let t = 44 - 20. What is the greatest common factor of t and 312?
24
Let d = 46 + -22. Calculate the greatest common factor of 84 and d.
12
Suppose 0 = 2*f - 338 + 118. Suppose 5*p - 4*h - 100 = -41, -3*p = -h - 34. What is the highest common divisor of p and f?
11
Let i(a) = 4*a + 7. Let o be i(-5). Let p = o - -20. What is the greatest common divisor of p and 63?
7
Suppose 5*c + 6*i = 5*i + 1178, 5*c - 3*i = 1166. What is the greatest common divisor of c and 94?
47
Let o = -6 - -4. Let f = 39 + 3. Let l be f/4 + o/4. Calculate the highest common factor of l and 70.
10
Let o be 2/(-8) - (-469)/4. Suppos